{"id":910,"date":"2024-01-06T14:23:42","date_gmt":"2024-01-06T13:23:42","guid":{"rendered":"https:\/\/o9labs.fr\/?post_type=product&#038;p=910"},"modified":"2025-03-02T11:58:54","modified_gmt":"2025-03-02T10:58:54","slug":"garde-corps-a-clavette-t40","status":"publish","type":"product","link":"https:\/\/o9labs.fr\/?product=garde-corps-a-clavette-t40","title":{"rendered":"3 &#8211; Garde Corps \u00e0 clavette : T40"},"content":{"rendered":"<p>Produit conforme \u00e0 la norme <span style=\"color: #ff0000;\"><strong>EN 13374<\/strong><\/span><\/p>\n<p>Il est disponible en version 2 BLOQUEURS manchon \u00d825 \u2013 hauteur 1m20 &#8211; poids 3,6 KG<\/p>\n<p>MATIERE : Acier Galvanis\u00e9<\/p>\n<p>CONDITIONNEMENT : 155 ou 160 unit\u00e9s par panier &#8211; Livr\u00e9 en panier de transport acier<\/p>\n","protected":false},"excerpt":{"rendered":"<p><b>Le Potelet Garde-corps T40 \u00e0 clavette &#8211; <\/b><\/p>\n<p>Le plus \u00e9conomique du march\u00e9, ce produit est conforme \u00e0 la norme<span style=\"color: #000000;\"> <strong>EN 13374<\/strong><\/span><\/p>\n<p>&nbsp;<\/p>\n","protected":false},"featured_media":911,"template":"","meta":[],"product_brand":[],"product_cat":[24],"product_tag":[37,32,50,25,49,42,33],"class_list":{"0":"post-910","1":"product","2":"type-product","3":"status-publish","4":"has-post-thumbnail","6":"product_cat-garde-corps-et-potelets-de-securite","7":"product_tag-garde-corps-de-chantier","8":"product_tag-garde-corps","9":"product_tag-garde-corps-a-clavette","10":"product_tag-potelet","11":"product_tag-potelet-a-clavette","12":"product_tag-potelet-de-securite","13":"product_tag-protection-collective","15":"first","16":"instock","17":"shipping-taxable","18":"product-type-simple"},"aioseo_notices":[],"_links":{"self":[{"href":"https:\/\/o9labs.fr\/index.php?rest_route=\/wp\/v2\/product\/910","targetHints":{"allow":["GET"]}}],"collection":[{"href":"https:\/\/o9labs.fr\/index.php?rest_route=\/wp\/v2\/product"}],"about":[{"href":"https:\/\/o9labs.fr\/index.php?rest_route=\/wp\/v2\/types\/product"}],"wp:featuredmedia":[{"embeddable":true,"href":"https:\/\/o9labs.fr\/index.php?rest_route=\/wp\/v2\/media\/911"}],"wp:attachment":[{"href":"https:\/\/o9labs.fr\/index.php?rest_route=%2Fwp%2Fv2%2Fmedia&parent=910"}],"wp:term":[{"taxonomy":"product_brand","embeddable":true,"href":"https:\/\/o9labs.fr\/index.php?rest_route=%2Fwp%2Fv2%2Fproduct_brand&post=910"},{"taxonomy":"product_cat","embeddable":true,"href":"https:\/\/o9labs.fr\/index.php?rest_route=%2Fwp%2Fv2%2Fproduct_cat&post=910"},{"taxonomy":"product_tag","embeddable":true,"href":"https:\/\/o9labs.fr\/index.php?rest_route=%2Fwp%2Fv2%2Fproduct_tag&post=910"}],"curies":[{"name":"wp","href":"https:\/\/api.w.org\/{rel}","templated":true}]}}